{"id":527,"date":"2019-04-08T10:54:12","date_gmt":"2019-04-08T10:54:12","guid":{"rendered":"http:\/\/gewerbeverein-wilhelmsdorf.de\/?page_id=527"},"modified":"2020-11-16T08:56:02","modified_gmt":"2020-11-16T08:56:02","slug":"otto-berenbold-gmbh","status":"publish","type":"page","link":"http:\/\/gewerbeverein-wilhelmsdorf.de\/?page_id=527","title":{"rendered":"Otto Berenbold GmbH"},"content":{"rendered":"\t\t<div data-elementor-type=\"wp-post\" data-elementor-id=\"527\" class=\"elementor elementor-527\">\n\t\t\t\t\t\t<section class=\"elementor-section elementor-top-section elementor-element elementor-element-79039357 elementor-section-content-middle elementor-reverse-mobile elementor-section-boxed elementor-section-height-default elementor-section-height-default\" data-id=\"79039357\" data-element_type=\"section\" data-e-type=\"section\" data-settings=\"{&quot;background_background&quot;:&quot;classic&quot;}\">\n\t\t\t\t\t\t<div class=\"elementor-container elementor-column-gap-default\">\n\t\t\t\t\t<div class=\"elementor-column elementor-col-100 elementor-top-column elementor-element elementor-element-11923412\" data-id=\"11923412\" data-element_type=\"column\" data-e-type=\"column\">\n\t\t\t<div class=\"elementor-widget-wrap elementor-element-populated\">\n\t\t\t\t\t\t<div class=\"elementor-element elementor-element-252d0332 elementor-view-stacked elementor-position-inline-start elementor-shape-circle elementor-mobile-position-block-start elementor-widget elementor-widget-icon-box\" data-id=\"252d0332\" data-element_type=\"widget\" data-e-type=\"widget\" data-widget_type=\"icon-box.default\">\n\t\t\t\t<div class=\"elementor-widget-container\">\n\t\t\t\t\t\t\t<div class=\"elementor-icon-box-wrapper\">\n\n\t\t\t\t\t\t<div class=\"elementor-icon-box-icon\">\n\t\t\t\t<a href=\"https:\/\/www.otto-berenbold.de\" class=\"elementor-icon\" tabindex=\"-1\" aria-label=\"Otto Berenbold GmbH\">\n\t\t\t\t<i aria-hidden=\"true\" class=\"fas fa-home\"><\/i>\t\t\t\t<\/a>\n\t\t\t<\/div>\n\t\t\t\n\t\t\t\t\t\t<div class=\"elementor-icon-box-content\">\n\n\t\t\t\t\t\t\t\t\t<h3 class=\"elementor-icon-box-title\">\n\t\t\t\t\t\t<a href=\"https:\/\/www.otto-berenbold.de\" >\n\t\t\t\t\t\t\tOtto Berenbold GmbH\t\t\t\t\t\t<\/a>\n\t\t\t\t\t<\/h3>\n\t\t\t\t\n\t\t\t\t\t\t\t\t\t<p class=\"elementor-icon-box-description\">\n\t\t\t\t\t\tDie Otto Berenbold GmbH ist ein familiengef\u00fchrtes, mittelst\u00e4ndisches Bauunternehmen, welches seit \u00fcber 120 Jahren am Markt t\u00e4tig ist und mittlerweile in der f\u00fcnften Generation erfolgreich gef\u00fchrt wird. Wir bieten neben den klassischen Hochbau-, Tiefbauleistungen, Stahlrohrpressungen bis DN 1000 und des Spezialverfahrens Berstlining ab Mitte 2019 auch das RSS Fl\u00fcssigbodenverfahren an.<br><br>Otto Berenbold GmbH<br>Ravensburger Str. 16<br>88271 Wilhelmsdorf<br>Tel.: 07503 \/ 931 666 - 0<br>buero@otto-berenbold.de<br>www.otto-berenbold.de\t\t\t\t\t<\/p>\n\t\t\t\t\n\t\t\t<\/div>\n\t\t\t\n\t\t<\/div>\n\t\t\t\t\t\t<\/div>\n\t\t\t\t<\/div>\n\t\t\t\t<div class=\"elementor-element elementor-element-c1127d9 elementor-widget elementor-widget-image\" data-id=\"c1127d9\" data-element_type=\"widget\" data-e-type=\"widget\" data-widget_type=\"image.default\">\n\t\t\t\t<div class=\"elementor-widget-container\">\n\t\t\t\t\t\t\t\t\t\t\t\t\t\t\t<img fetchpriority=\"high\" decoding=\"async\" width=\"640\" height=\"317\" src=\"http:\/\/gewerbeverein-wilhelmsdorf.de\/wp-content\/uploads\/2020\/11\/2011_OB_2020_Logo_125Jahre_4c_pos-1024x507.jpg\" class=\"attachment-large size-large wp-image-1215\" alt=\"\" srcset=\"http:\/\/gewerbeverein-wilhelmsdorf.de\/wp-content\/uploads\/2020\/11\/2011_OB_2020_Logo_125Jahre_4c_pos-1024x507.jpg 1024w, http:\/\/gewerbeverein-wilhelmsdorf.de\/wp-content\/uploads\/2020\/11\/2011_OB_2020_Logo_125Jahre_4c_pos-300x149.jpg 300w, http:\/\/gewerbeverein-wilhelmsdorf.de\/wp-content\/uploads\/2020\/11\/2011_OB_2020_Logo_125Jahre_4c_pos-768x380.jpg 768w, http:\/\/gewerbeverein-wilhelmsdorf.de\/wp-content\/uploads\/2020\/11\/2011_OB_2020_Logo_125Jahre_4c_pos.jpg 1200w\" sizes=\"(max-width: 640px) 100vw, 640px\" \/>\t\t\t\t\t\t\t\t\t\t\t\t\t\t\t<\/div>\n\t\t\t\t<\/div>\n\t\t\t\t\t<\/div>\n\t\t<\/div>\n\t\t\t\t\t<\/div>\n\t\t<\/section>\n\t\t\t\t<\/div>\n\t\t","protected":false},"excerpt":{"rendered":"<p>Otto Berenbold GmbH Die Otto Berenbold GmbH ist ein familiengef\u00fchrtes, mittelst\u00e4ndisches Bauunternehmen, welches seit \u00fcber 120 Jahren am Markt t\u00e4tig ist und mittlerweile in der f\u00fcnften Generation erfolgreich gef\u00fchrt wird. Wir bieten neben den klassischen Hochbau-, Tiefbauleistungen, Stahlrohrpressungen bis DN 1000 und des Spezialverfahrens Berstlining ab Mitte 2019 auch das RSS Fl\u00fcssigbodenverfahren an. Otto Berenbold [&hellip;]<\/p>\n","protected":false},"author":1,"featured_media":0,"parent":0,"menu_order":0,"comment_status":"closed","ping_status":"closed","template":"","meta":{"footnotes":""},"class_list":["post-527","page","type-page","status-publish","hentry"],"yoast_head":"<!-- This site is optimized with the Yoast SEO plugin v27.5 - https:\/\/yoast.com\/product\/yoast-seo-wordpress\/ -->\n<title>Otto Berenbold GmbH &#8226; Gewerbeverein Wilhelmsdorf<\/title>\n<meta name=\"robots\" content=\"index, follow, max-snippet:-1, max-image-preview:large, max-video-preview:-1\" \/>\n<link rel=\"canonical\" href=\"http:\/\/gewerbeverein-wilhelmsdorf.de\/?page_id=527\" \/>\n<meta property=\"og:locale\" content=\"de_DE\" \/>\n<meta property=\"og:type\" content=\"article\" \/>\n<meta property=\"og:title\" content=\"Otto Berenbold GmbH &#8226; Gewerbeverein Wilhelmsdorf\" \/>\n<meta property=\"og:description\" content=\"Otto Berenbold GmbH Die Otto Berenbold GmbH ist ein familiengef\u00fchrtes, mittelst\u00e4ndisches Bauunternehmen, welches seit \u00fcber 120 Jahren am Markt t\u00e4tig ist und mittlerweile in der f\u00fcnften Generation erfolgreich gef\u00fchrt wird. Wir bieten neben den klassischen Hochbau-, Tiefbauleistungen, Stahlrohrpressungen bis DN 1000 und des Spezialverfahrens Berstlining ab Mitte 2019 auch das RSS Fl\u00fcssigbodenverfahren an. Otto Berenbold [&hellip;]\" \/>\n<meta property=\"og:url\" content=\"http:\/\/gewerbeverein-wilhelmsdorf.de\/?page_id=527\" \/>\n<meta property=\"og:site_name\" content=\"Gewerbeverein Wilhelmsdorf\" \/>\n<meta property=\"article:modified_time\" content=\"2020-11-16T08:56:02+00:00\" \/>\n<meta property=\"og:image\" content=\"http:\/\/gewerbeverein-wilhelmsdorf.de\/wp-content\/uploads\/2020\/11\/2011_OB_2020_Logo_125Jahre_4c_pos-1024x507.jpg\" \/>\n<meta name=\"twitter:card\" content=\"summary_large_image\" \/>\n<script type=\"application\/ld+json\" class=\"yoast-schema-graph\">{\"@context\":\"https:\\\/\\\/schema.org\",\"@graph\":[{\"@type\":\"WebPage\",\"@id\":\"http:\\\/\\\/gewerbeverein-wilhelmsdorf.de\\\/?page_id=527\",\"url\":\"http:\\\/\\\/gewerbeverein-wilhelmsdorf.de\\\/?page_id=527\",\"name\":\"Otto Berenbold GmbH &#8226; Gewerbeverein Wilhelmsdorf\",\"isPartOf\":{\"@id\":\"https:\\\/\\\/gewerbeverein-wilhelmsdorf.de\\\/#website\"},\"primaryImageOfPage\":{\"@id\":\"http:\\\/\\\/gewerbeverein-wilhelmsdorf.de\\\/?page_id=527#primaryimage\"},\"image\":{\"@id\":\"http:\\\/\\\/gewerbeverein-wilhelmsdorf.de\\\/?page_id=527#primaryimage\"},\"thumbnailUrl\":\"http:\\\/\\\/gewerbeverein-wilhelmsdorf.de\\\/wp-content\\\/uploads\\\/2020\\\/11\\\/2011_OB_2020_Logo_125Jahre_4c_pos-1024x507.jpg\",\"datePublished\":\"2019-04-08T10:54:12+00:00\",\"dateModified\":\"2020-11-16T08:56:02+00:00\",\"breadcrumb\":{\"@id\":\"http:\\\/\\\/gewerbeverein-wilhelmsdorf.de\\\/?page_id=527#breadcrumb\"},\"inLanguage\":\"de\",\"potentialAction\":[{\"@type\":\"ReadAction\",\"target\":[\"http:\\\/\\\/gewerbeverein-wilhelmsdorf.de\\\/?page_id=527\"]}]},{\"@type\":\"ImageObject\",\"inLanguage\":\"de\",\"@id\":\"http:\\\/\\\/gewerbeverein-wilhelmsdorf.de\\\/?page_id=527#primaryimage\",\"url\":\"http:\\\/\\\/gewerbeverein-wilhelmsdorf.de\\\/wp-content\\\/uploads\\\/2020\\\/11\\\/2011_OB_2020_Logo_125Jahre_4c_pos.jpg\",\"contentUrl\":\"http:\\\/\\\/gewerbeverein-wilhelmsdorf.de\\\/wp-content\\\/uploads\\\/2020\\\/11\\\/2011_OB_2020_Logo_125Jahre_4c_pos.jpg\",\"width\":1200,\"height\":594},{\"@type\":\"BreadcrumbList\",\"@id\":\"http:\\\/\\\/gewerbeverein-wilhelmsdorf.de\\\/?page_id=527#breadcrumb\",\"itemListElement\":[{\"@type\":\"ListItem\",\"position\":1,\"name\":\"Startseite\",\"item\":\"https:\\\/\\\/gewerbeverein-wilhelmsdorf.de\\\/\"},{\"@type\":\"ListItem\",\"position\":2,\"name\":\"Otto Berenbold GmbH\"}]},{\"@type\":\"WebSite\",\"@id\":\"https:\\\/\\\/gewerbeverein-wilhelmsdorf.de\\\/#website\",\"url\":\"https:\\\/\\\/gewerbeverein-wilhelmsdorf.de\\\/\",\"name\":\"Gewerbeverein Wilhelmsdorf\",\"description\":\"Gewerbe in Wilhelmsdorf f\u00fcr Wilhelmsdorf\",\"publisher\":{\"@id\":\"https:\\\/\\\/gewerbeverein-wilhelmsdorf.de\\\/#organization\"},\"potentialAction\":[{\"@type\":\"SearchAction\",\"target\":{\"@type\":\"EntryPoint\",\"urlTemplate\":\"https:\\\/\\\/gewerbeverein-wilhelmsdorf.de\\\/?s={search_term_string}\"},\"query-input\":{\"@type\":\"PropertyValueSpecification\",\"valueRequired\":true,\"valueName\":\"search_term_string\"}}],\"inLanguage\":\"de\"},{\"@type\":\"Organization\",\"@id\":\"https:\\\/\\\/gewerbeverein-wilhelmsdorf.de\\\/#organization\",\"name\":\"Gewerbeverein Wilhelmsdorf\",\"url\":\"https:\\\/\\\/gewerbeverein-wilhelmsdorf.de\\\/\",\"logo\":{\"@type\":\"ImageObject\",\"inLanguage\":\"de\",\"@id\":\"https:\\\/\\\/gewerbeverein-wilhelmsdorf.de\\\/#\\\/schema\\\/logo\\\/image\\\/\",\"url\":\"http:\\\/\\\/gewerbeverein-wilhelmsdorf.de\\\/wp-content\\\/uploads\\\/2019\\\/03\\\/cropped-web_Logo.jpg\",\"contentUrl\":\"http:\\\/\\\/gewerbeverein-wilhelmsdorf.de\\\/wp-content\\\/uploads\\\/2019\\\/03\\\/cropped-web_Logo.jpg\",\"width\":1200,\"height\":800,\"caption\":\"Gewerbeverein Wilhelmsdorf\"},\"image\":{\"@id\":\"https:\\\/\\\/gewerbeverein-wilhelmsdorf.de\\\/#\\\/schema\\\/logo\\\/image\\\/\"}}]}<\/script>\n<!-- \/ Yoast SEO plugin. -->","yoast_head_json":{"title":"Otto Berenbold GmbH &#8226; Gewerbeverein Wilhelmsdorf","robots":{"index":"index","follow":"follow","max-snippet":"max-snippet:-1","max-image-preview":"max-image-preview:large","max-video-preview":"max-video-preview:-1"},"canonical":"http:\/\/gewerbeverein-wilhelmsdorf.de\/?page_id=527","og_locale":"de_DE","og_type":"article","og_title":"Otto Berenbold GmbH &#8226; Gewerbeverein Wilhelmsdorf","og_description":"Otto Berenbold GmbH Die Otto Berenbold GmbH ist ein familiengef\u00fchrtes, mittelst\u00e4ndisches Bauunternehmen, welches seit \u00fcber 120 Jahren am Markt t\u00e4tig ist und mittlerweile in der f\u00fcnften Generation erfolgreich gef\u00fchrt wird. Wir bieten neben den klassischen Hochbau-, Tiefbauleistungen, Stahlrohrpressungen bis DN 1000 und des Spezialverfahrens Berstlining ab Mitte 2019 auch das RSS Fl\u00fcssigbodenverfahren an. Otto Berenbold [&hellip;]","og_url":"http:\/\/gewerbeverein-wilhelmsdorf.de\/?page_id=527","og_site_name":"Gewerbeverein Wilhelmsdorf","article_modified_time":"2020-11-16T08:56:02+00:00","og_image":[{"url":"http:\/\/gewerbeverein-wilhelmsdorf.de\/wp-content\/uploads\/2020\/11\/2011_OB_2020_Logo_125Jahre_4c_pos-1024x507.jpg","type":"","width":"","height":""}],"twitter_card":"summary_large_image","schema":{"@context":"https:\/\/schema.org","@graph":[{"@type":"WebPage","@id":"http:\/\/gewerbeverein-wilhelmsdorf.de\/?page_id=527","url":"http:\/\/gewerbeverein-wilhelmsdorf.de\/?page_id=527","name":"Otto Berenbold GmbH &#8226; Gewerbeverein Wilhelmsdorf","isPartOf":{"@id":"https:\/\/gewerbeverein-wilhelmsdorf.de\/#website"},"primaryImageOfPage":{"@id":"http:\/\/gewerbeverein-wilhelmsdorf.de\/?page_id=527#primaryimage"},"image":{"@id":"http:\/\/gewerbeverein-wilhelmsdorf.de\/?page_id=527#primaryimage"},"thumbnailUrl":"http:\/\/gewerbeverein-wilhelmsdorf.de\/wp-content\/uploads\/2020\/11\/2011_OB_2020_Logo_125Jahre_4c_pos-1024x507.jpg","datePublished":"2019-04-08T10:54:12+00:00","dateModified":"2020-11-16T08:56:02+00:00","breadcrumb":{"@id":"http:\/\/gewerbeverein-wilhelmsdorf.de\/?page_id=527#breadcrumb"},"inLanguage":"de","potentialAction":[{"@type":"ReadAction","target":["http:\/\/gewerbeverein-wilhelmsdorf.de\/?page_id=527"]}]},{"@type":"ImageObject","inLanguage":"de","@id":"http:\/\/gewerbeverein-wilhelmsdorf.de\/?page_id=527#primaryimage","url":"http:\/\/gewerbeverein-wilhelmsdorf.de\/wp-content\/uploads\/2020\/11\/2011_OB_2020_Logo_125Jahre_4c_pos.jpg","contentUrl":"http:\/\/gewerbeverein-wilhelmsdorf.de\/wp-content\/uploads\/2020\/11\/2011_OB_2020_Logo_125Jahre_4c_pos.jpg","width":1200,"height":594},{"@type":"BreadcrumbList","@id":"http:\/\/gewerbeverein-wilhelmsdorf.de\/?page_id=527#breadcrumb","itemListElement":[{"@type":"ListItem","position":1,"name":"Startseite","item":"https:\/\/gewerbeverein-wilhelmsdorf.de\/"},{"@type":"ListItem","position":2,"name":"Otto Berenbold GmbH"}]},{"@type":"WebSite","@id":"https:\/\/gewerbeverein-wilhelmsdorf.de\/#website","url":"https:\/\/gewerbeverein-wilhelmsdorf.de\/","name":"Gewerbeverein Wilhelmsdorf","description":"Gewerbe in Wilhelmsdorf f\u00fcr Wilhelmsdorf","publisher":{"@id":"https:\/\/gewerbeverein-wilhelmsdorf.de\/#organization"},"potentialAction":[{"@type":"SearchAction","target":{"@type":"EntryPoint","urlTemplate":"https:\/\/gewerbeverein-wilhelmsdorf.de\/?s={search_term_string}"},"query-input":{"@type":"PropertyValueSpecification","valueRequired":true,"valueName":"search_term_string"}}],"inLanguage":"de"},{"@type":"Organization","@id":"https:\/\/gewerbeverein-wilhelmsdorf.de\/#organization","name":"Gewerbeverein Wilhelmsdorf","url":"https:\/\/gewerbeverein-wilhelmsdorf.de\/","logo":{"@type":"ImageObject","inLanguage":"de","@id":"https:\/\/gewerbeverein-wilhelmsdorf.de\/#\/schema\/logo\/image\/","url":"http:\/\/gewerbeverein-wilhelmsdorf.de\/wp-content\/uploads\/2019\/03\/cropped-web_Logo.jpg","contentUrl":"http:\/\/gewerbeverein-wilhelmsdorf.de\/wp-content\/uploads\/2019\/03\/cropped-web_Logo.jpg","width":1200,"height":800,"caption":"Gewerbeverein Wilhelmsdorf"},"image":{"@id":"https:\/\/gewerbeverein-wilhelmsdorf.de\/#\/schema\/logo\/image\/"}}]}},"_links":{"self":[{"href":"http:\/\/gewerbeverein-wilhelmsdorf.de\/index.php?rest_route=\/wp\/v2\/pages\/527","targetHints":{"allow":["GET"]}}],"collection":[{"href":"http:\/\/gewerbeverein-wilhelmsdorf.de\/index.php?rest_route=\/wp\/v2\/pages"}],"about":[{"href":"http:\/\/gewerbeverein-wilhelmsdorf.de\/index.php?rest_route=\/wp\/v2\/types\/page"}],"author":[{"embeddable":true,"href":"http:\/\/gewerbeverein-wilhelmsdorf.de\/index.php?rest_route=\/wp\/v2\/users\/1"}],"replies":[{"embeddable":true,"href":"http:\/\/gewerbeverein-wilhelmsdorf.de\/index.php?rest_route=%2Fwp%2Fv2%2Fcomments&post=527"}],"version-history":[{"count":11,"href":"http:\/\/gewerbeverein-wilhelmsdorf.de\/index.php?rest_route=\/wp\/v2\/pages\/527\/revisions"}],"predecessor-version":[{"id":1221,"href":"http:\/\/gewerbeverein-wilhelmsdorf.de\/index.php?rest_route=\/wp\/v2\/pages\/527\/revisions\/1221"}],"wp:attachment":[{"href":"http:\/\/gewerbeverein-wilhelmsdorf.de\/index.php?rest_route=%2Fwp%2Fv2%2Fmedia&parent=527"}],"curies":[{"name":"wp","href":"https:\/\/api.w.org\/{rel}","templated":true}]}}