{"id":655,"date":"2019-04-12T10:12:58","date_gmt":"2019-04-12T10:12:58","guid":{"rendered":"http:\/\/gewerbeverein-wilhelmsdorf.de\/?page_id=655"},"modified":"2019-11-01T11:56:09","modified_gmt":"2019-11-01T11:56:09","slug":"leder-schuhe-sport-metzger","status":"publish","type":"page","link":"http:\/\/gewerbeverein-wilhelmsdorf.de\/?page_id=655","title":{"rendered":"Leder-Schuhe-Sport Metzger"},"content":{"rendered":"\t\t<div data-elementor-type=\"wp-post\" data-elementor-id=\"655\" class=\"elementor elementor-655\">\n\t\t\t\t\t\t<section class=\"elementor-section elementor-top-section elementor-element elementor-element-2e280d81 elementor-section-content-middle elementor-reverse-mobile elementor-section-boxed elementor-section-height-default elementor-section-height-default\" data-id=\"2e280d81\" data-element_type=\"section\" data-e-type=\"section\" data-settings=\"{&quot;background_background&quot;:&quot;classic&quot;}\">\n\t\t\t\t\t\t<div class=\"elementor-container elementor-column-gap-default\">\n\t\t\t\t\t<div class=\"elementor-column elementor-col-100 elementor-top-column elementor-element elementor-element-13ca13c7\" data-id=\"13ca13c7\" data-element_type=\"column\" data-e-type=\"column\">\n\t\t\t<div class=\"elementor-widget-wrap elementor-element-populated\">\n\t\t\t\t\t\t<div class=\"elementor-element elementor-element-1b1ec74a elementor-view-stacked elementor-position-inline-start elementor-shape-square elementor-mobile-position-block-start elementor-widget elementor-widget-icon-box\" data-id=\"1b1ec74a\" data-element_type=\"widget\" data-e-type=\"widget\" data-widget_type=\"icon-box.default\">\n\t\t\t\t<div class=\"elementor-widget-container\">\n\t\t\t\t\t\t\t<div class=\"elementor-icon-box-wrapper\">\n\n\t\t\t\t\t\t<div class=\"elementor-icon-box-icon\">\n\t\t\t\t<a href=\"http:\/\/www.leder-schuhe-sport-metzger.de\" class=\"elementor-icon\" tabindex=\"-1\" aria-label=\"Leder-Schuhe-Sport Metzger \t\">\n\t\t\t\t<i class=\"fa fa-soccer-ball-o\" aria-hidden=\"true\"><\/i>\t\t\t\t<\/a>\n\t\t\t<\/div>\n\t\t\t\n\t\t\t\t\t\t<div class=\"elementor-icon-box-content\">\n\n\t\t\t\t\t\t\t\t\t<h3 class=\"elementor-icon-box-title\">\n\t\t\t\t\t\t<a href=\"http:\/\/www.leder-schuhe-sport-metzger.de\" >\n\t\t\t\t\t\t\tLeder-Schuhe-Sport Metzger \t\t\t\t\t\t\t<\/a>\n\t\t\t\t\t<\/h3>\n\t\t\t\t\n\t\t\t\t\t\t\t\t\t<p class=\"elementor-icon-box-description\">\n\t\t\t\t\t\tIhr Familienfachgesch\u00e4ft rund um Schuhe, Sporttextilien und Lederwaren.\nWir sind ihr Ansprechpartner f\u00fcr Schuhe aller Art, f\u00fcr Sportschuhe und Sportbekleidung,\nf\u00fcr Handtaschen, Geldb\u00f6rsen, Schulranzen und vieles mehr.\nAu\u00dferdem sind wir die Lotto-Annahmestelle in Wilhelmsdorf und haben eine Hermes-Paketshop in\nUnseren R\u00e4umen integriert.\nMit der TSG Infostelle vereinen wir Dienstleistung und  Fachgesch\u00e4ft unter einem Dach\n\t\t\t\t\t<\/p>\n\t\t\t\t\n\t\t\t<\/div>\n\t\t\t\n\t\t<\/div>\n\t\t\t\t\t\t<\/div>\n\t\t\t\t<\/div>\n\t\t\t\t<div class=\"elementor-element elementor-element-cbf3766 elementor-widget elementor-widget-image\" data-id=\"cbf3766\" data-element_type=\"widget\" data-e-type=\"widget\" data-widget_type=\"image.default\">\n\t\t\t\t<div class=\"elementor-widget-container\">\n\t\t\t\t\t\t\t\t\t\t\t\t\t\t\t\t<a href=\"http:\/\/www.leder-schuhe-sport-metzger.de\">\n\t\t\t\t\t\t\t<img fetchpriority=\"high\" decoding=\"async\" width=\"640\" height=\"99\" src=\"http:\/\/gewerbeverein-wilhelmsdorf.de\/wp-content\/uploads\/2019\/04\/Logo_Ingrid_Metzger-1024x158.png\" class=\"attachment-large size-large wp-image-689\" alt=\"\" srcset=\"http:\/\/gewerbeverein-wilhelmsdorf.de\/wp-content\/uploads\/2019\/04\/Logo_Ingrid_Metzger-1024x158.png 1024w, http:\/\/gewerbeverein-wilhelmsdorf.de\/wp-content\/uploads\/2019\/04\/Logo_Ingrid_Metzger-300x46.png 300w, http:\/\/gewerbeverein-wilhelmsdorf.de\/wp-content\/uploads\/2019\/04\/Logo_Ingrid_Metzger-768x118.png 768w, http:\/\/gewerbeverein-wilhelmsdorf.de\/wp-content\/uploads\/2019\/04\/Logo_Ingrid_Metzger.png 1826w\" sizes=\"(max-width: 640px) 100vw, 640px\" \/>\t\t\t\t\t\t\t\t<\/a>\n\t\t\t\t\t\t\t\t\t\t\t\t\t\t\t<\/div>\n\t\t\t\t<\/div>\n\t\t\t\t\t<\/div>\n\t\t<\/div>\n\t\t\t\t\t<\/div>\n\t\t<\/section>\n\t\t\t\t<\/div>\n\t\t","protected":false},"excerpt":{"rendered":"<p>Leder-Schuhe-Sport Metzger Ihr Familienfachgesch\u00e4ft rund um Schuhe, Sporttextilien und Lederwaren. Wir sind ihr Ansprechpartner f\u00fcr Schuhe aller Art, f\u00fcr Sportschuhe und Sportbekleidung, f\u00fcr Handtaschen, Geldb\u00f6rsen, Schulranzen und vieles mehr. Au\u00dferdem sind wir die Lotto-Annahmestelle in Wilhelmsdorf und haben eine Hermes-Paketshop in Unseren R\u00e4umen integriert. Mit der TSG Infostelle vereinen wir Dienstleistung und Fachgesch\u00e4ft unter einem [&hellip;]<\/p>\n","protected":false},"author":1,"featured_media":0,"parent":0,"menu_order":0,"comment_status":"closed","ping_status":"closed","template":"","meta":{"footnotes":""},"class_list":["post-655","page","type-page","status-publish","hentry"],"yoast_head":"<!-- This site is optimized with the Yoast SEO plugin v27.4 - https:\/\/yoast.com\/product\/yoast-seo-wordpress\/ -->\n<title>Leder-Schuhe-Sport Metzger &#8226; Gewerbeverein Wilhelmsdorf<\/title>\n<meta name=\"robots\" content=\"index, follow, max-snippet:-1, max-image-preview:large, max-video-preview:-1\" \/>\n<link rel=\"canonical\" href=\"http:\/\/gewerbeverein-wilhelmsdorf.de\/?page_id=655\" \/>\n<meta property=\"og:locale\" content=\"de_DE\" \/>\n<meta property=\"og:type\" content=\"article\" \/>\n<meta property=\"og:title\" content=\"Leder-Schuhe-Sport Metzger &#8226; Gewerbeverein Wilhelmsdorf\" \/>\n<meta property=\"og:description\" content=\"Leder-Schuhe-Sport Metzger Ihr Familienfachgesch\u00e4ft rund um Schuhe, Sporttextilien und Lederwaren. Wir sind ihr Ansprechpartner f\u00fcr Schuhe aller Art, f\u00fcr Sportschuhe und Sportbekleidung, f\u00fcr Handtaschen, Geldb\u00f6rsen, Schulranzen und vieles mehr. Au\u00dferdem sind wir die Lotto-Annahmestelle in Wilhelmsdorf und haben eine Hermes-Paketshop in Unseren R\u00e4umen integriert. Mit der TSG Infostelle vereinen wir Dienstleistung und Fachgesch\u00e4ft unter einem [&hellip;]\" \/>\n<meta property=\"og:url\" content=\"http:\/\/gewerbeverein-wilhelmsdorf.de\/?page_id=655\" \/>\n<meta property=\"og:site_name\" content=\"Gewerbeverein Wilhelmsdorf\" \/>\n<meta property=\"article:modified_time\" content=\"2019-11-01T11:56:09+00:00\" \/>\n<meta property=\"og:image\" content=\"http:\/\/gewerbeverein-wilhelmsdorf.de\/wp-content\/uploads\/2019\/04\/Logo_Ingrid_Metzger-1024x158.png\" \/>\n<meta name=\"twitter:card\" content=\"summary_large_image\" \/>\n<script type=\"application\/ld+json\" class=\"yoast-schema-graph\">{\"@context\":\"https:\\\/\\\/schema.org\",\"@graph\":[{\"@type\":\"WebPage\",\"@id\":\"http:\\\/\\\/gewerbeverein-wilhelmsdorf.de\\\/?page_id=655\",\"url\":\"http:\\\/\\\/gewerbeverein-wilhelmsdorf.de\\\/?page_id=655\",\"name\":\"Leder-Schuhe-Sport Metzger &#8226; Gewerbeverein Wilhelmsdorf\",\"isPartOf\":{\"@id\":\"https:\\\/\\\/gewerbeverein-wilhelmsdorf.de\\\/#website\"},\"primaryImageOfPage\":{\"@id\":\"http:\\\/\\\/gewerbeverein-wilhelmsdorf.de\\\/?page_id=655#primaryimage\"},\"image\":{\"@id\":\"http:\\\/\\\/gewerbeverein-wilhelmsdorf.de\\\/?page_id=655#primaryimage\"},\"thumbnailUrl\":\"http:\\\/\\\/gewerbeverein-wilhelmsdorf.de\\\/wp-content\\\/uploads\\\/2019\\\/04\\\/Logo_Ingrid_Metzger-1024x158.png\",\"datePublished\":\"2019-04-12T10:12:58+00:00\",\"dateModified\":\"2019-11-01T11:56:09+00:00\",\"breadcrumb\":{\"@id\":\"http:\\\/\\\/gewerbeverein-wilhelmsdorf.de\\\/?page_id=655#breadcrumb\"},\"inLanguage\":\"de\",\"potentialAction\":[{\"@type\":\"ReadAction\",\"target\":[\"http:\\\/\\\/gewerbeverein-wilhelmsdorf.de\\\/?page_id=655\"]}]},{\"@type\":\"ImageObject\",\"inLanguage\":\"de\",\"@id\":\"http:\\\/\\\/gewerbeverein-wilhelmsdorf.de\\\/?page_id=655#primaryimage\",\"url\":\"http:\\\/\\\/gewerbeverein-wilhelmsdorf.de\\\/wp-content\\\/uploads\\\/2019\\\/04\\\/Logo_Ingrid_Metzger.png\",\"contentUrl\":\"http:\\\/\\\/gewerbeverein-wilhelmsdorf.de\\\/wp-content\\\/uploads\\\/2019\\\/04\\\/Logo_Ingrid_Metzger.png\",\"width\":1826,\"height\":281},{\"@type\":\"BreadcrumbList\",\"@id\":\"http:\\\/\\\/gewerbeverein-wilhelmsdorf.de\\\/?page_id=655#breadcrumb\",\"itemListElement\":[{\"@type\":\"ListItem\",\"position\":1,\"name\":\"Startseite\",\"item\":\"https:\\\/\\\/gewerbeverein-wilhelmsdorf.de\\\/\"},{\"@type\":\"ListItem\",\"position\":2,\"name\":\"Leder-Schuhe-Sport Metzger\"}]},{\"@type\":\"WebSite\",\"@id\":\"https:\\\/\\\/gewerbeverein-wilhelmsdorf.de\\\/#website\",\"url\":\"https:\\\/\\\/gewerbeverein-wilhelmsdorf.de\\\/\",\"name\":\"Gewerbeverein Wilhelmsdorf\",\"description\":\"Gewerbe in Wilhelmsdorf f\u00fcr Wilhelmsdorf\",\"publisher\":{\"@id\":\"https:\\\/\\\/gewerbeverein-wilhelmsdorf.de\\\/#organization\"},\"potentialAction\":[{\"@type\":\"SearchAction\",\"target\":{\"@type\":\"EntryPoint\",\"urlTemplate\":\"https:\\\/\\\/gewerbeverein-wilhelmsdorf.de\\\/?s={search_term_string}\"},\"query-input\":{\"@type\":\"PropertyValueSpecification\",\"valueRequired\":true,\"valueName\":\"search_term_string\"}}],\"inLanguage\":\"de\"},{\"@type\":\"Organization\",\"@id\":\"https:\\\/\\\/gewerbeverein-wilhelmsdorf.de\\\/#organization\",\"name\":\"Gewerbeverein Wilhelmsdorf\",\"url\":\"https:\\\/\\\/gewerbeverein-wilhelmsdorf.de\\\/\",\"logo\":{\"@type\":\"ImageObject\",\"inLanguage\":\"de\",\"@id\":\"https:\\\/\\\/gewerbeverein-wilhelmsdorf.de\\\/#\\\/schema\\\/logo\\\/image\\\/\",\"url\":\"http:\\\/\\\/gewerbeverein-wilhelmsdorf.de\\\/wp-content\\\/uploads\\\/2019\\\/03\\\/cropped-web_Logo.jpg\",\"contentUrl\":\"http:\\\/\\\/gewerbeverein-wilhelmsdorf.de\\\/wp-content\\\/uploads\\\/2019\\\/03\\\/cropped-web_Logo.jpg\",\"width\":1200,\"height\":800,\"caption\":\"Gewerbeverein Wilhelmsdorf\"},\"image\":{\"@id\":\"https:\\\/\\\/gewerbeverein-wilhelmsdorf.de\\\/#\\\/schema\\\/logo\\\/image\\\/\"}}]}<\/script>\n<!-- \/ Yoast SEO plugin. -->","yoast_head_json":{"title":"Leder-Schuhe-Sport Metzger &#8226; Gewerbeverein Wilhelmsdorf","robots":{"index":"index","follow":"follow","max-snippet":"max-snippet:-1","max-image-preview":"max-image-preview:large","max-video-preview":"max-video-preview:-1"},"canonical":"http:\/\/gewerbeverein-wilhelmsdorf.de\/?page_id=655","og_locale":"de_DE","og_type":"article","og_title":"Leder-Schuhe-Sport Metzger &#8226; Gewerbeverein Wilhelmsdorf","og_description":"Leder-Schuhe-Sport Metzger Ihr Familienfachgesch\u00e4ft rund um Schuhe, Sporttextilien und Lederwaren. Wir sind ihr Ansprechpartner f\u00fcr Schuhe aller Art, f\u00fcr Sportschuhe und Sportbekleidung, f\u00fcr Handtaschen, Geldb\u00f6rsen, Schulranzen und vieles mehr. Au\u00dferdem sind wir die Lotto-Annahmestelle in Wilhelmsdorf und haben eine Hermes-Paketshop in Unseren R\u00e4umen integriert. Mit der TSG Infostelle vereinen wir Dienstleistung und Fachgesch\u00e4ft unter einem [&hellip;]","og_url":"http:\/\/gewerbeverein-wilhelmsdorf.de\/?page_id=655","og_site_name":"Gewerbeverein Wilhelmsdorf","article_modified_time":"2019-11-01T11:56:09+00:00","og_image":[{"url":"http:\/\/gewerbeverein-wilhelmsdorf.de\/wp-content\/uploads\/2019\/04\/Logo_Ingrid_Metzger-1024x158.png","type":"","width":"","height":""}],"twitter_card":"summary_large_image","schema":{"@context":"https:\/\/schema.org","@graph":[{"@type":"WebPage","@id":"http:\/\/gewerbeverein-wilhelmsdorf.de\/?page_id=655","url":"http:\/\/gewerbeverein-wilhelmsdorf.de\/?page_id=655","name":"Leder-Schuhe-Sport Metzger &#8226; Gewerbeverein Wilhelmsdorf","isPartOf":{"@id":"https:\/\/gewerbeverein-wilhelmsdorf.de\/#website"},"primaryImageOfPage":{"@id":"http:\/\/gewerbeverein-wilhelmsdorf.de\/?page_id=655#primaryimage"},"image":{"@id":"http:\/\/gewerbeverein-wilhelmsdorf.de\/?page_id=655#primaryimage"},"thumbnailUrl":"http:\/\/gewerbeverein-wilhelmsdorf.de\/wp-content\/uploads\/2019\/04\/Logo_Ingrid_Metzger-1024x158.png","datePublished":"2019-04-12T10:12:58+00:00","dateModified":"2019-11-01T11:56:09+00:00","breadcrumb":{"@id":"http:\/\/gewerbeverein-wilhelmsdorf.de\/?page_id=655#breadcrumb"},"inLanguage":"de","potentialAction":[{"@type":"ReadAction","target":["http:\/\/gewerbeverein-wilhelmsdorf.de\/?page_id=655"]}]},{"@type":"ImageObject","inLanguage":"de","@id":"http:\/\/gewerbeverein-wilhelmsdorf.de\/?page_id=655#primaryimage","url":"http:\/\/gewerbeverein-wilhelmsdorf.de\/wp-content\/uploads\/2019\/04\/Logo_Ingrid_Metzger.png","contentUrl":"http:\/\/gewerbeverein-wilhelmsdorf.de\/wp-content\/uploads\/2019\/04\/Logo_Ingrid_Metzger.png","width":1826,"height":281},{"@type":"BreadcrumbList","@id":"http:\/\/gewerbeverein-wilhelmsdorf.de\/?page_id=655#breadcrumb","itemListElement":[{"@type":"ListItem","position":1,"name":"Startseite","item":"https:\/\/gewerbeverein-wilhelmsdorf.de\/"},{"@type":"ListItem","position":2,"name":"Leder-Schuhe-Sport Metzger"}]},{"@type":"WebSite","@id":"https:\/\/gewerbeverein-wilhelmsdorf.de\/#website","url":"https:\/\/gewerbeverein-wilhelmsdorf.de\/","name":"Gewerbeverein Wilhelmsdorf","description":"Gewerbe in Wilhelmsdorf f\u00fcr Wilhelmsdorf","publisher":{"@id":"https:\/\/gewerbeverein-wilhelmsdorf.de\/#organization"},"potentialAction":[{"@type":"SearchAction","target":{"@type":"EntryPoint","urlTemplate":"https:\/\/gewerbeverein-wilhelmsdorf.de\/?s={search_term_string}"},"query-input":{"@type":"PropertyValueSpecification","valueRequired":true,"valueName":"search_term_string"}}],"inLanguage":"de"},{"@type":"Organization","@id":"https:\/\/gewerbeverein-wilhelmsdorf.de\/#organization","name":"Gewerbeverein Wilhelmsdorf","url":"https:\/\/gewerbeverein-wilhelmsdorf.de\/","logo":{"@type":"ImageObject","inLanguage":"de","@id":"https:\/\/gewerbeverein-wilhelmsdorf.de\/#\/schema\/logo\/image\/","url":"http:\/\/gewerbeverein-wilhelmsdorf.de\/wp-content\/uploads\/2019\/03\/cropped-web_Logo.jpg","contentUrl":"http:\/\/gewerbeverein-wilhelmsdorf.de\/wp-content\/uploads\/2019\/03\/cropped-web_Logo.jpg","width":1200,"height":800,"caption":"Gewerbeverein Wilhelmsdorf"},"image":{"@id":"https:\/\/gewerbeverein-wilhelmsdorf.de\/#\/schema\/logo\/image\/"}}]}},"_links":{"self":[{"href":"http:\/\/gewerbeverein-wilhelmsdorf.de\/index.php?rest_route=\/wp\/v2\/pages\/655","targetHints":{"allow":["GET"]}}],"collection":[{"href":"http:\/\/gewerbeverein-wilhelmsdorf.de\/index.php?rest_route=\/wp\/v2\/pages"}],"about":[{"href":"http:\/\/gewerbeverein-wilhelmsdorf.de\/index.php?rest_route=\/wp\/v2\/types\/page"}],"author":[{"embeddable":true,"href":"http:\/\/gewerbeverein-wilhelmsdorf.de\/index.php?rest_route=\/wp\/v2\/users\/1"}],"replies":[{"embeddable":true,"href":"http:\/\/gewerbeverein-wilhelmsdorf.de\/index.php?rest_route=%2Fwp%2Fv2%2Fcomments&post=655"}],"version-history":[{"count":8,"href":"http:\/\/gewerbeverein-wilhelmsdorf.de\/index.php?rest_route=\/wp\/v2\/pages\/655\/revisions"}],"predecessor-version":[{"id":1068,"href":"http:\/\/gewerbeverein-wilhelmsdorf.de\/index.php?rest_route=\/wp\/v2\/pages\/655\/revisions\/1068"}],"wp:attachment":[{"href":"http:\/\/gewerbeverein-wilhelmsdorf.de\/index.php?rest_route=%2Fwp%2Fv2%2Fmedia&parent=655"}],"curies":[{"name":"wp","href":"https:\/\/api.w.org\/{rel}","templated":true}]}}