{"id":962,"date":"2019-04-18T11:12:33","date_gmt":"2019-04-18T11:12:33","guid":{"rendered":"http:\/\/gewerbeverein-wilhelmsdorf.de\/?page_id=962"},"modified":"2025-12-04T08:47:35","modified_gmt":"2025-12-04T08:47:35","slug":"baaser-schreibwarenladen","status":"publish","type":"page","link":"http:\/\/gewerbeverein-wilhelmsdorf.de\/?page_id=962","title":{"rendered":"Baaser Schreibwarenladen"},"content":{"rendered":"\t\t<div data-elementor-type=\"wp-post\" data-elementor-id=\"962\" class=\"elementor elementor-962\">\n\t\t\t\t\t\t<section class=\"elementor-section elementor-top-section elementor-element elementor-element-2ab88574 elementor-section-content-middle elementor-reverse-mobile elementor-section-boxed elementor-section-height-default elementor-section-height-default\" data-id=\"2ab88574\" data-element_type=\"section\" data-e-type=\"section\" data-settings=\"{&quot;background_background&quot;:&quot;classic&quot;}\">\n\t\t\t\t\t\t<div class=\"elementor-container elementor-column-gap-default\">\n\t\t\t\t\t<div class=\"elementor-column elementor-col-100 elementor-top-column elementor-element elementor-element-1f7b15d4\" data-id=\"1f7b15d4\" data-element_type=\"column\" data-e-type=\"column\">\n\t\t\t<div class=\"elementor-widget-wrap elementor-element-populated\">\n\t\t\t\t\t\t<div class=\"elementor-element elementor-element-b09bc2c elementor-widget elementor-widget-image\" data-id=\"b09bc2c\" data-element_type=\"widget\" data-e-type=\"widget\" data-widget_type=\"image.default\">\n\t\t\t\t<div class=\"elementor-widget-container\">\n\t\t\t\t\t\t\t\t\t\t\t\t\t\t\t<img fetchpriority=\"high\" decoding=\"async\" width=\"500\" height=\"475\" src=\"http:\/\/gewerbeverein-wilhelmsdorf.de\/wp-content\/uploads\/2019\/04\/baaser1.png\" class=\"attachment-large size-large wp-image-966\" alt=\"\" srcset=\"http:\/\/gewerbeverein-wilhelmsdorf.de\/wp-content\/uploads\/2019\/04\/baaser1.png 500w, http:\/\/gewerbeverein-wilhelmsdorf.de\/wp-content\/uploads\/2019\/04\/baaser1-300x285.png 300w\" sizes=\"(max-width: 500px) 100vw, 500px\" \/>\t\t\t\t\t\t\t\t\t\t\t\t\t\t\t<\/div>\n\t\t\t\t<\/div>\n\t\t\t\t<div class=\"elementor-element elementor-element-35a7608a elementor-view-stacked elementor-position-inline-start elementor-shape-circle elementor-mobile-position-block-start elementor-widget elementor-widget-icon-box\" data-id=\"35a7608a\" data-element_type=\"widget\" data-e-type=\"widget\" data-widget_type=\"icon-box.default\">\n\t\t\t\t<div class=\"elementor-widget-container\">\n\t\t\t\t\t\t\t<div class=\"elementor-icon-box-wrapper\">\n\n\t\t\t\t\t\t<div class=\"elementor-icon-box-icon\">\n\t\t\t\t<span  class=\"elementor-icon\">\n\t\t\t\t<i class=\"fa fa-pencil\" aria-hidden=\"true\"><\/i>\t\t\t\t<\/span>\n\t\t\t<\/div>\n\t\t\t\n\t\t\t\t\t\t<div class=\"elementor-icon-box-content\">\n\n\t\t\t\t\t\t\t\t\t<h3 class=\"elementor-icon-box-title\">\n\t\t\t\t\t\t<span  >\n\t\t\t\t\t\t\tBaaser Schreibwarenladen\t\t\t\t\t\t<\/span>\n\t\t\t\t\t<\/h3>\n\t\t\t\t\n\t\t\t\t\t\t\t\t\t<p class=\"elementor-icon-box-description\">\n\t\t\t\t\t\t\n \t\t\t\t\t<\/p>\n\t\t\t\t\n\t\t\t<\/div>\n\t\t\t\n\t\t<\/div>\n\t\t\t\t\t\t<\/div>\n\t\t\t\t<\/div>\n\t\t\t\t<section class=\"elementor-section elementor-inner-section elementor-element elementor-element-fbfd3ce elementor-section-boxed elementor-section-height-default elementor-section-height-default\" data-id=\"fbfd3ce\" data-element_type=\"section\" data-e-type=\"section\">\n\t\t\t\t\t\t<div class=\"elementor-container elementor-column-gap-default\">\n\t\t\t\t\t<div class=\"elementor-column elementor-col-100 elementor-inner-column elementor-element elementor-element-eea8e01\" data-id=\"eea8e01\" data-element_type=\"column\" data-e-type=\"column\">\n\t\t\t<div class=\"elementor-widget-wrap elementor-element-populated\">\n\t\t\t\t\t\t<div class=\"elementor-element elementor-element-8e5ce8b elementor-widget elementor-widget-text-editor\" data-id=\"8e5ce8b\" data-element_type=\"widget\" data-e-type=\"widget\" data-widget_type=\"text-editor.default\">\n\t\t\t\t<div class=\"elementor-widget-container\">\n\t\t\t\t\t\t\t\t\t<p>Unser Schreibwarenladen wurde am 01.10.18 in der Rotwiesenstrasse 3 in Esenhausen\/Wilhelmsdorf er\u00f6ffnet.<\/p><p>Wir f\u00fchren \u00fcber 15.000 unterschiedliche Artikel auf 150qm Fl\u00e4che.<\/p><p>Schreibwaren, B\u00fcroartikel, Papier, Geschenkartikel, B\u00fccher und vieles mehr.<br \/>Bei uns finden Sie die f\u00fchrenden Marken, Faber-Castell, Stabilo, Staedtler, Herma, Edding, Pattex, Pelikan, Clairefontaine, Ravensburger Buch u.v.m.<\/p><p><strong>Bei uns k\u00f6nnen Sie f\u00fcr den Privaten als auch f\u00fcr den gesch\u00e4ftlichen Bereich einkaufen.<\/strong><\/p><p>Produkte, die wir nicht auf Lager haben, k\u00f6nnen wir jederzeit f\u00fcr Sie bestellen. In unserer Buchabteilung bieten wir auch den Buch-Bestellservice an &#8211; Sie zahlen nat\u00fcrlich nur den Preis des Buches.<\/p><p><strong>F\u00fcr Kinder bieten wir die komplette Abwicklung der Schullisten an.<\/strong><\/p><p><strong>Baaser Schreibwarenladen.<\/strong><\/p>\t\t\t\t\t\t\t\t<\/div>\n\t\t\t\t<\/div>\n\t\t\t\t\t<\/div>\n\t\t<\/div>\n\t\t\t\t\t<\/div>\n\t\t<\/section>\n\t\t\t\t<div class=\"elementor-element elementor-element-cf52b22 elementor-widget elementor-widget-text-editor\" data-id=\"cf52b22\" data-element_type=\"widget\" data-e-type=\"widget\" data-widget_type=\"text-editor.default\">\n\t\t\t\t<div class=\"elementor-widget-container\">\n\t\t\t\t\t\t\t\t\t<p>Rotwiesenstrasse 3<br \/>88271 Wilhelmsdorf<br \/>07503 916 91 77<br \/>mail@baaser.de<br \/><a href=\"http:\/\/www.baaser.de\">www.baaser.de<\/a><\/p>\t\t\t\t\t\t\t\t<\/div>\n\t\t\t\t<\/div>\n\t\t\t\t<div class=\"elementor-element elementor-element-f45cd08 elementor-widget elementor-widget-image\" data-id=\"f45cd08\" data-element_type=\"widget\" data-e-type=\"widget\" data-widget_type=\"image.default\">\n\t\t\t\t<div class=\"elementor-widget-container\">\n\t\t\t\t\t\t\t\t\t\t\t\t\t\t\t<img decoding=\"async\" width=\"640\" height=\"409\" src=\"http:\/\/gewerbeverein-wilhelmsdorf.de\/wp-content\/uploads\/2019\/04\/Baaser_Anfahrtskizze-1024x654.jpg\" class=\"attachment-large size-large wp-image-981\" alt=\"\" srcset=\"http:\/\/gewerbeverein-wilhelmsdorf.de\/wp-content\/uploads\/2019\/04\/Baaser_Anfahrtskizze-1024x654.jpg 1024w, http:\/\/gewerbeverein-wilhelmsdorf.de\/wp-content\/uploads\/2019\/04\/Baaser_Anfahrtskizze-300x192.jpg 300w, http:\/\/gewerbeverein-wilhelmsdorf.de\/wp-content\/uploads\/2019\/04\/Baaser_Anfahrtskizze-768x491.jpg 768w, http:\/\/gewerbeverein-wilhelmsdorf.de\/wp-content\/uploads\/2019\/04\/Baaser_Anfahrtskizze.jpg 1097w\" sizes=\"(max-width: 640px) 100vw, 640px\" \/>\t\t\t\t\t\t\t\t\t\t\t\t\t\t\t<\/div>\n\t\t\t\t<\/div>\n\t\t\t\t\t<\/div>\n\t\t<\/div>\n\t\t\t\t\t<\/div>\n\t\t<\/section>\n\t\t\t\t<\/div>\n\t\t","protected":false},"excerpt":{"rendered":"<p>Baaser Schreibwarenladen Unser Schreibwarenladen wurde am 01.10.18 in der Rotwiesenstrasse 3 in Esenhausen\/Wilhelmsdorf er\u00f6ffnet. Wir f\u00fchren \u00fcber 15.000 unterschiedliche Artikel auf 150qm Fl\u00e4che. Schreibwaren, B\u00fcroartikel, Papier, Geschenkartikel, B\u00fccher und vieles mehr.Bei uns finden Sie die f\u00fchrenden Marken, Faber-Castell, Stabilo, Staedtler, Herma, Edding, Pattex, Pelikan, Clairefontaine, Ravensburger Buch u.v.m. Bei uns k\u00f6nnen Sie f\u00fcr den Privaten [&hellip;]<\/p>\n","protected":false},"author":1,"featured_media":0,"parent":0,"menu_order":0,"comment_status":"closed","ping_status":"closed","template":"","meta":{"footnotes":""},"class_list":["post-962","page","type-page","status-publish","hentry"],"yoast_head":"<!-- This site is optimized with the Yoast SEO plugin v27.6 - https:\/\/yoast.com\/product\/yoast-seo-wordpress\/ -->\n<title>Baaser Schreibwarenladen &#8226; Gewerbeverein Wilhelmsdorf<\/title>\n<meta name=\"robots\" content=\"index, follow, max-snippet:-1, max-image-preview:large, max-video-preview:-1\" \/>\n<link rel=\"canonical\" href=\"http:\/\/gewerbeverein-wilhelmsdorf.de\/?page_id=962\" \/>\n<meta property=\"og:locale\" content=\"de_DE\" \/>\n<meta property=\"og:type\" content=\"article\" \/>\n<meta property=\"og:title\" content=\"Baaser Schreibwarenladen &#8226; Gewerbeverein Wilhelmsdorf\" \/>\n<meta property=\"og:description\" content=\"Baaser Schreibwarenladen Unser Schreibwarenladen wurde am 01.10.18 in der Rotwiesenstrasse 3 in Esenhausen\/Wilhelmsdorf er\u00f6ffnet. Wir f\u00fchren \u00fcber 15.000 unterschiedliche Artikel auf 150qm Fl\u00e4che. Schreibwaren, B\u00fcroartikel, Papier, Geschenkartikel, B\u00fccher und vieles mehr.Bei uns finden Sie die f\u00fchrenden Marken, Faber-Castell, Stabilo, Staedtler, Herma, Edding, Pattex, Pelikan, Clairefontaine, Ravensburger Buch u.v.m. Bei uns k\u00f6nnen Sie f\u00fcr den Privaten [&hellip;]\" \/>\n<meta property=\"og:url\" content=\"http:\/\/gewerbeverein-wilhelmsdorf.de\/?page_id=962\" \/>\n<meta property=\"og:site_name\" content=\"Gewerbeverein Wilhelmsdorf\" \/>\n<meta property=\"article:modified_time\" content=\"2025-12-04T08:47:35+00:00\" \/>\n<meta property=\"og:image\" content=\"http:\/\/gewerbeverein-wilhelmsdorf.de\/wp-content\/uploads\/2019\/04\/baaser1.png\" \/>\n<meta name=\"twitter:card\" content=\"summary_large_image\" \/>\n<meta name=\"twitter:label1\" content=\"Gesch\u00e4tzte Lesezeit\" \/>\n\t<meta name=\"twitter:data1\" content=\"2\u00a0Minuten\" \/>\n<script type=\"application\/ld+json\" class=\"yoast-schema-graph\">{\"@context\":\"https:\\\/\\\/schema.org\",\"@graph\":[{\"@type\":\"WebPage\",\"@id\":\"http:\\\/\\\/gewerbeverein-wilhelmsdorf.de\\\/?page_id=962\",\"url\":\"http:\\\/\\\/gewerbeverein-wilhelmsdorf.de\\\/?page_id=962\",\"name\":\"Baaser Schreibwarenladen &#8226; Gewerbeverein Wilhelmsdorf\",\"isPartOf\":{\"@id\":\"https:\\\/\\\/gewerbeverein-wilhelmsdorf.de\\\/#website\"},\"primaryImageOfPage\":{\"@id\":\"http:\\\/\\\/gewerbeverein-wilhelmsdorf.de\\\/?page_id=962#primaryimage\"},\"image\":{\"@id\":\"http:\\\/\\\/gewerbeverein-wilhelmsdorf.de\\\/?page_id=962#primaryimage\"},\"thumbnailUrl\":\"http:\\\/\\\/gewerbeverein-wilhelmsdorf.de\\\/wp-content\\\/uploads\\\/2019\\\/04\\\/baaser1.png\",\"datePublished\":\"2019-04-18T11:12:33+00:00\",\"dateModified\":\"2025-12-04T08:47:35+00:00\",\"breadcrumb\":{\"@id\":\"http:\\\/\\\/gewerbeverein-wilhelmsdorf.de\\\/?page_id=962#breadcrumb\"},\"inLanguage\":\"de\",\"potentialAction\":[{\"@type\":\"ReadAction\",\"target\":[\"http:\\\/\\\/gewerbeverein-wilhelmsdorf.de\\\/?page_id=962\"]}]},{\"@type\":\"ImageObject\",\"inLanguage\":\"de\",\"@id\":\"http:\\\/\\\/gewerbeverein-wilhelmsdorf.de\\\/?page_id=962#primaryimage\",\"url\":\"http:\\\/\\\/gewerbeverein-wilhelmsdorf.de\\\/wp-content\\\/uploads\\\/2019\\\/04\\\/baaser1.png\",\"contentUrl\":\"http:\\\/\\\/gewerbeverein-wilhelmsdorf.de\\\/wp-content\\\/uploads\\\/2019\\\/04\\\/baaser1.png\",\"width\":500,\"height\":475},{\"@type\":\"BreadcrumbList\",\"@id\":\"http:\\\/\\\/gewerbeverein-wilhelmsdorf.de\\\/?page_id=962#breadcrumb\",\"itemListElement\":[{\"@type\":\"ListItem\",\"position\":1,\"name\":\"Startseite\",\"item\":\"https:\\\/\\\/gewerbeverein-wilhelmsdorf.de\\\/\"},{\"@type\":\"ListItem\",\"position\":2,\"name\":\"Baaser Schreibwarenladen\"}]},{\"@type\":\"WebSite\",\"@id\":\"https:\\\/\\\/gewerbeverein-wilhelmsdorf.de\\\/#website\",\"url\":\"https:\\\/\\\/gewerbeverein-wilhelmsdorf.de\\\/\",\"name\":\"Gewerbeverein Wilhelmsdorf\",\"description\":\"Gewerbe in Wilhelmsdorf f\u00fcr Wilhelmsdorf\",\"publisher\":{\"@id\":\"https:\\\/\\\/gewerbeverein-wilhelmsdorf.de\\\/#organization\"},\"potentialAction\":[{\"@type\":\"SearchAction\",\"target\":{\"@type\":\"EntryPoint\",\"urlTemplate\":\"https:\\\/\\\/gewerbeverein-wilhelmsdorf.de\\\/?s={search_term_string}\"},\"query-input\":{\"@type\":\"PropertyValueSpecification\",\"valueRequired\":true,\"valueName\":\"search_term_string\"}}],\"inLanguage\":\"de\"},{\"@type\":\"Organization\",\"@id\":\"https:\\\/\\\/gewerbeverein-wilhelmsdorf.de\\\/#organization\",\"name\":\"Gewerbeverein Wilhelmsdorf\",\"url\":\"https:\\\/\\\/gewerbeverein-wilhelmsdorf.de\\\/\",\"logo\":{\"@type\":\"ImageObject\",\"inLanguage\":\"de\",\"@id\":\"https:\\\/\\\/gewerbeverein-wilhelmsdorf.de\\\/#\\\/schema\\\/logo\\\/image\\\/\",\"url\":\"http:\\\/\\\/gewerbeverein-wilhelmsdorf.de\\\/wp-content\\\/uploads\\\/2019\\\/03\\\/cropped-web_Logo.jpg\",\"contentUrl\":\"http:\\\/\\\/gewerbeverein-wilhelmsdorf.de\\\/wp-content\\\/uploads\\\/2019\\\/03\\\/cropped-web_Logo.jpg\",\"width\":1200,\"height\":800,\"caption\":\"Gewerbeverein Wilhelmsdorf\"},\"image\":{\"@id\":\"https:\\\/\\\/gewerbeverein-wilhelmsdorf.de\\\/#\\\/schema\\\/logo\\\/image\\\/\"}}]}<\/script>\n<!-- \/ Yoast SEO plugin. -->","yoast_head_json":{"title":"Baaser Schreibwarenladen &#8226; Gewerbeverein Wilhelmsdorf","robots":{"index":"index","follow":"follow","max-snippet":"max-snippet:-1","max-image-preview":"max-image-preview:large","max-video-preview":"max-video-preview:-1"},"canonical":"http:\/\/gewerbeverein-wilhelmsdorf.de\/?page_id=962","og_locale":"de_DE","og_type":"article","og_title":"Baaser Schreibwarenladen &#8226; Gewerbeverein Wilhelmsdorf","og_description":"Baaser Schreibwarenladen Unser Schreibwarenladen wurde am 01.10.18 in der Rotwiesenstrasse 3 in Esenhausen\/Wilhelmsdorf er\u00f6ffnet. Wir f\u00fchren \u00fcber 15.000 unterschiedliche Artikel auf 150qm Fl\u00e4che. Schreibwaren, B\u00fcroartikel, Papier, Geschenkartikel, B\u00fccher und vieles mehr.Bei uns finden Sie die f\u00fchrenden Marken, Faber-Castell, Stabilo, Staedtler, Herma, Edding, Pattex, Pelikan, Clairefontaine, Ravensburger Buch u.v.m. Bei uns k\u00f6nnen Sie f\u00fcr den Privaten [&hellip;]","og_url":"http:\/\/gewerbeverein-wilhelmsdorf.de\/?page_id=962","og_site_name":"Gewerbeverein Wilhelmsdorf","article_modified_time":"2025-12-04T08:47:35+00:00","og_image":[{"url":"http:\/\/gewerbeverein-wilhelmsdorf.de\/wp-content\/uploads\/2019\/04\/baaser1.png","type":"","width":"","height":""}],"twitter_card":"summary_large_image","twitter_misc":{"Gesch\u00e4tzte Lesezeit":"2\u00a0Minuten"},"schema":{"@context":"https:\/\/schema.org","@graph":[{"@type":"WebPage","@id":"http:\/\/gewerbeverein-wilhelmsdorf.de\/?page_id=962","url":"http:\/\/gewerbeverein-wilhelmsdorf.de\/?page_id=962","name":"Baaser Schreibwarenladen &#8226; Gewerbeverein Wilhelmsdorf","isPartOf":{"@id":"https:\/\/gewerbeverein-wilhelmsdorf.de\/#website"},"primaryImageOfPage":{"@id":"http:\/\/gewerbeverein-wilhelmsdorf.de\/?page_id=962#primaryimage"},"image":{"@id":"http:\/\/gewerbeverein-wilhelmsdorf.de\/?page_id=962#primaryimage"},"thumbnailUrl":"http:\/\/gewerbeverein-wilhelmsdorf.de\/wp-content\/uploads\/2019\/04\/baaser1.png","datePublished":"2019-04-18T11:12:33+00:00","dateModified":"2025-12-04T08:47:35+00:00","breadcrumb":{"@id":"http:\/\/gewerbeverein-wilhelmsdorf.de\/?page_id=962#breadcrumb"},"inLanguage":"de","potentialAction":[{"@type":"ReadAction","target":["http:\/\/gewerbeverein-wilhelmsdorf.de\/?page_id=962"]}]},{"@type":"ImageObject","inLanguage":"de","@id":"http:\/\/gewerbeverein-wilhelmsdorf.de\/?page_id=962#primaryimage","url":"http:\/\/gewerbeverein-wilhelmsdorf.de\/wp-content\/uploads\/2019\/04\/baaser1.png","contentUrl":"http:\/\/gewerbeverein-wilhelmsdorf.de\/wp-content\/uploads\/2019\/04\/baaser1.png","width":500,"height":475},{"@type":"BreadcrumbList","@id":"http:\/\/gewerbeverein-wilhelmsdorf.de\/?page_id=962#breadcrumb","itemListElement":[{"@type":"ListItem","position":1,"name":"Startseite","item":"https:\/\/gewerbeverein-wilhelmsdorf.de\/"},{"@type":"ListItem","position":2,"name":"Baaser Schreibwarenladen"}]},{"@type":"WebSite","@id":"https:\/\/gewerbeverein-wilhelmsdorf.de\/#website","url":"https:\/\/gewerbeverein-wilhelmsdorf.de\/","name":"Gewerbeverein Wilhelmsdorf","description":"Gewerbe in Wilhelmsdorf f\u00fcr Wilhelmsdorf","publisher":{"@id":"https:\/\/gewerbeverein-wilhelmsdorf.de\/#organization"},"potentialAction":[{"@type":"SearchAction","target":{"@type":"EntryPoint","urlTemplate":"https:\/\/gewerbeverein-wilhelmsdorf.de\/?s={search_term_string}"},"query-input":{"@type":"PropertyValueSpecification","valueRequired":true,"valueName":"search_term_string"}}],"inLanguage":"de"},{"@type":"Organization","@id":"https:\/\/gewerbeverein-wilhelmsdorf.de\/#organization","name":"Gewerbeverein Wilhelmsdorf","url":"https:\/\/gewerbeverein-wilhelmsdorf.de\/","logo":{"@type":"ImageObject","inLanguage":"de","@id":"https:\/\/gewerbeverein-wilhelmsdorf.de\/#\/schema\/logo\/image\/","url":"http:\/\/gewerbeverein-wilhelmsdorf.de\/wp-content\/uploads\/2019\/03\/cropped-web_Logo.jpg","contentUrl":"http:\/\/gewerbeverein-wilhelmsdorf.de\/wp-content\/uploads\/2019\/03\/cropped-web_Logo.jpg","width":1200,"height":800,"caption":"Gewerbeverein Wilhelmsdorf"},"image":{"@id":"https:\/\/gewerbeverein-wilhelmsdorf.de\/#\/schema\/logo\/image\/"}}]}},"_links":{"self":[{"href":"http:\/\/gewerbeverein-wilhelmsdorf.de\/index.php?rest_route=\/wp\/v2\/pages\/962","targetHints":{"allow":["GET"]}}],"collection":[{"href":"http:\/\/gewerbeverein-wilhelmsdorf.de\/index.php?rest_route=\/wp\/v2\/pages"}],"about":[{"href":"http:\/\/gewerbeverein-wilhelmsdorf.de\/index.php?rest_route=\/wp\/v2\/types\/page"}],"author":[{"embeddable":true,"href":"http:\/\/gewerbeverein-wilhelmsdorf.de\/index.php?rest_route=\/wp\/v2\/users\/1"}],"replies":[{"embeddable":true,"href":"http:\/\/gewerbeverein-wilhelmsdorf.de\/index.php?rest_route=%2Fwp%2Fv2%2Fcomments&post=962"}],"version-history":[{"count":22,"href":"http:\/\/gewerbeverein-wilhelmsdorf.de\/index.php?rest_route=\/wp\/v2\/pages\/962\/revisions"}],"predecessor-version":[{"id":1359,"href":"http:\/\/gewerbeverein-wilhelmsdorf.de\/index.php?rest_route=\/wp\/v2\/pages\/962\/revisions\/1359"}],"wp:attachment":[{"href":"http:\/\/gewerbeverein-wilhelmsdorf.de\/index.php?rest_route=%2Fwp%2Fv2%2Fmedia&parent=962"}],"curies":[{"name":"wp","href":"https:\/\/api.w.org\/{rel}","templated":true}]}}